{"id":238,"date":"2025-10-04T10:42:39","date_gmt":"2025-10-04T10:42:39","guid":{"rendered":"https:\/\/yenikentmetal.com\/?page_id=238"},"modified":"2025-10-04T10:46:57","modified_gmt":"2025-10-04T10:46:57","slug":"yenikent-metal","status":"publish","type":"page","link":"https:\/\/yenikentmetal.com\/index.php\/yenikent-metal\/","title":{"rendered":"S.S.S."},"content":{"rendered":"\t\t<div data-elementor-type=\"wp-page\" data-elementor-id=\"238\" class=\"elementor elementor-238\">\n\t\t\t\t\t\t<section class=\"elementor-section elementor-top-section elementor-element elementor-element-23555f39 elementor-section-boxed elementor-section-height-default elementor-section-height-default\" data-id=\"23555f39\" data-element_type=\"section\" data-settings=\"{&quot;background_background&quot;:&quot;classic&quot;}\">\n\t\t\t\t\t\t\t<div class=\"elementor-background-overlay\"><\/div>\n\t\t\t\t\t\t\t<div class=\"elementor-container elementor-column-gap-default\">\n\t\t\t\t\t<div class=\"elementor-column elementor-col-100 elementor-top-column elementor-element elementor-element-66ae9594\" data-id=\"66ae9594\" data-element_type=\"column\">\n\t\t\t<div class=\"elementor-widget-wrap elementor-element-populated\">\n\t\t\t\t\t\t<section class=\"elementor-section elementor-inner-section elementor-element elementor-element-7d6462 elementor-section-boxed elementor-section-height-default elementor-section-height-default\" data-id=\"7d6462\" data-element_type=\"section\">\n\t\t\t\t\t\t<div class=\"elementor-container elementor-column-gap-default\">\n\t\t\t\t\t<div class=\"elementor-column elementor-col-100 elementor-inner-column elementor-element elementor-element-3b57ec7b\" data-id=\"3b57ec7b\" data-element_type=\"column\" data-settings=\"{&quot;background_background&quot;:&quot;classic&quot;}\">\n\t\t\t<div class=\"elementor-widget-wrap elementor-element-populated\">\n\t\t\t\t\t\t<div class=\"elementor-element elementor-element-3151b7fa elementor-widget elementor-widget-heading\" data-id=\"3151b7fa\" data-element_type=\"widget\" data-widget_type=\"heading.default\">\n\t\t\t\t\t<h2 class=\"elementor-heading-title elementor-size-default\">Yenikent Metal<\/h2>\t\t\t\t<\/div>\n\t\t\t\t\t<\/div>\n\t\t<\/div>\n\t\t\t\t\t<\/div>\n\t\t<\/section>\n\t\t\t\t\t<\/div>\n\t\t<\/div>\n\t\t\t\t\t<\/div>\n\t\t<\/section>\n\t\t\t\t<section class=\"elementor-section elementor-top-section elementor-element elementor-element-1e98a8a3 elementor-section-boxed elementor-section-height-default elementor-section-height-default\" data-id=\"1e98a8a3\" data-element_type=\"section\" data-settings=\"{&quot;background_background&quot;:&quot;classic&quot;}\">\n\t\t\t\t\t\t\t<div class=\"elementor-background-overlay\"><\/div>\n\t\t\t\t\t\t\t<div class=\"elementor-container elementor-column-gap-default\">\n\t\t\t\t\t<div class=\"elementor-column elementor-col-100 elementor-top-column elementor-element elementor-element-7526b8d2\" data-id=\"7526b8d2\" data-element_type=\"column\">\n\t\t\t<div class=\"elementor-widget-wrap elementor-element-populated\">\n\t\t\t\t\t\t<div class=\"elementor-element elementor-element-3f7520f7 elementor-widget elementor-widget-heading\" data-id=\"3f7520f7\" data-element_type=\"widget\" data-widget_type=\"heading.default\">\n\t\t\t\t\t<h2 class=\"elementor-heading-title elementor-size-default\">SIK\u00c7A SORULULAN SORULAR<\/h2>\t\t\t\t<\/div>\n\t\t\t\t<div class=\"elementor-element elementor-element-50f06f5b elementor-absolute elementor-widget elementor-widget-heading\" data-id=\"50f06f5b\" data-element_type=\"widget\" data-settings=\"{&quot;_position&quot;:&quot;absolute&quot;}\" data-widget_type=\"heading.default\">\n\t\t\t\t\t<span class=\"elementor-heading-title elementor-size-default\">SSS<\/span>\t\t\t\t<\/div>\n\t\t\t\t<div class=\"elementor-element elementor-element-487b916 elementor-widget elementor-widget-text-editor\" data-id=\"487b916\" data-element_type=\"widget\" data-widget_type=\"text-editor.default\">\n\t\t\t\t\t\t\t\t\t<p data-start=\"198\" data-end=\"529\">E\u011fer burada yan\u0131t\u0131n\u0131 bulamad\u0131\u011f\u0131n\u0131z farkl\u0131 bir sorunuz varsa, ekibimiz size yard\u0131mc\u0131 olmaktan memnuniyet duyar.<br data-start=\"391\" data-end=\"394\" \/>Projenizle ilgili fiyat teklifi almak, \u00f6l\u00e7\u00fc hizmeti talep etmek veya \u00f6zel tasar\u0131m dan\u0131\u015fmanl\u0131\u011f\u0131 i\u00e7in bizimle ileti\u015fime ge\u00e7ebilirsiniz.<\/p><p data-start=\"531\" data-end=\"641\">\ud83d\udcde <strong data-start=\"534\" data-end=\"639\">Hemen aray\u0131n veya ileti\u015fim formunu doldurun \u2013 uzman ekibimiz en k\u0131sa s\u00fcrede sizinle ileti\u015fime ge\u00e7sin.<\/strong><\/p>\t\t\t\t\t\t\t\t<\/div>\n\t\t\t\t<section class=\"elementor-section elementor-inner-section elementor-element elementor-element-2dac4bd elementor-section-boxed elementor-section-height-default elementor-section-height-default\" data-id=\"2dac4bd\" data-element_type=\"section\">\n\t\t\t\t\t\t<div class=\"elementor-container elementor-column-gap-no\">\n\t\t\t\t\t<div class=\"elementor-column elementor-col-50 elementor-inner-column elementor-element elementor-element-5df0feb0\" data-id=\"5df0feb0\" data-element_type=\"column\">\n\t\t\t<div class=\"elementor-widget-wrap elementor-element-populated\">\n\t\t\t\t\t\t<div class=\"elementor-element elementor-element-3d2393b9 elementor-widget elementor-widget-jkit_accordion\" data-id=\"3d2393b9\" data-element_type=\"widget\" data-widget_type=\"jkit_accordion.default\">\n\t\t\t\t\t<div  class=\"jeg-elementor-kit jkit-accordion style-shadow jeg_module___69e5fe6c36787\" ><div class=\"card-wrapper \">\n                <div class=\"card-header\">\n                    <a href=\"#expand-c8565b5\" class=\"card-header-button\" aria-expanded=\"false\" data-target=\"#expand-c8565b5\" aria-controls=\"expand-c8565b5\">\n                        <span class=\"title\">1. Hangi b\u00f6lgelerde hizmet veriyorsunuz?<\/span><div class=\"right-icon-group\">\n                <div class=\"normal-icon\"><svg aria-hidden=\"true\" class=\"e-font-icon-svg e-fas-chevron-down\" viewBox=\"0 0 448 512\" xmlns=\"http:\/\/www.w3.org\/2000\/svg\"><path d=\"M207.029 381.476L12.686 187.132c-9.373-9.373-9.373-24.569 0-33.941l22.667-22.667c9.357-9.357 24.522-9.375 33.901-.04L224 284.505l154.745-154.021c9.379-9.335 24.544-9.317 33.901.04l22.667 22.667c9.373 9.373 9.373 24.569 0 33.941L240.971 381.476c-9.373 9.372-24.569 9.372-33.942 0z\"><\/path><\/svg><\/div>\n                <div class=\"active-icon\"><svg aria-hidden=\"true\" class=\"e-font-icon-svg e-fas-chevron-up\" viewBox=\"0 0 448 512\" xmlns=\"http:\/\/www.w3.org\/2000\/svg\"><path d=\"M240.971 130.524l194.343 194.343c9.373 9.373 9.373 24.569 0 33.941l-22.667 22.667c-9.357 9.357-24.522 9.375-33.901.04L224 227.495 69.255 381.516c-9.379 9.335-24.544 9.317-33.901-.04l-22.667-22.667c-9.373-9.373-9.373-24.569 0-33.941L207.03 130.525c9.372-9.373 24.568-9.373 33.941-.001z\"><\/path><\/svg><\/div>\n            <\/div>\n                    <\/a>\n                <\/div>\n                <div class=\"card-expand\" id=\"expand-c8565b5\" style=\"display:none\"><div class=\"card-body\"><p>Ankara ve \u00e7evre illerde t\u00fcm demir, ferforje ve \u00e7elik imalat hizmetlerini sunuyoruz.<\/p><\/div><\/div>\n            <\/div><div class=\"card-wrapper \">\n                <div class=\"card-header\">\n                    <a href=\"#expand-8fab880\" class=\"card-header-button\" aria-expanded=\"false\" data-target=\"#expand-8fab880\" aria-controls=\"expand-8fab880\">\n                        <span class=\"title\">3. Proje teslim s\u00fcresi ne kadar s\u00fcrer?<\/span><div class=\"right-icon-group\">\n                <div class=\"normal-icon\"><svg aria-hidden=\"true\" class=\"e-font-icon-svg e-fas-chevron-down\" viewBox=\"0 0 448 512\" xmlns=\"http:\/\/www.w3.org\/2000\/svg\"><path d=\"M207.029 381.476L12.686 187.132c-9.373-9.373-9.373-24.569 0-33.941l22.667-22.667c9.357-9.357 24.522-9.375 33.901-.04L224 284.505l154.745-154.021c9.379-9.335 24.544-9.317 33.901.04l22.667 22.667c9.373 9.373 9.373 24.569 0 33.941L240.971 381.476c-9.373 9.372-24.569 9.372-33.942 0z\"><\/path><\/svg><\/div>\n                <div class=\"active-icon\"><svg aria-hidden=\"true\" class=\"e-font-icon-svg e-fas-chevron-up\" viewBox=\"0 0 448 512\" xmlns=\"http:\/\/www.w3.org\/2000\/svg\"><path d=\"M240.971 130.524l194.343 194.343c9.373 9.373 9.373 24.569 0 33.941l-22.667 22.667c-9.357 9.357-24.522 9.375-33.901.04L224 227.495 69.255 381.516c-9.379 9.335-24.544 9.317-33.901-.04l-22.667-22.667c-9.373-9.373-9.373-24.569 0-33.941L207.03 130.525c9.372-9.373 24.568-9.373 33.941-.001z\"><\/path><\/svg><\/div>\n            <\/div>\n                    <\/a>\n                <\/div>\n                <div class=\"card-expand\" id=\"expand-8fab880\" style=\"display:none\"><div class=\"card-body\"><p>\u0130\u015fin kapsam\u0131na g\u00f6re de\u011fi\u015fmekle birlikte, ortalama 3 ila 10 g\u00fcn aras\u0131nda tamamlan\u0131r.<\/p><\/div><\/div>\n            <\/div><div class=\"card-wrapper expand\">\n                <div class=\"card-header\">\n                    <a href=\"#expand-34c3ab0\" class=\"card-header-button\" aria-expanded=\"false\" data-target=\"#expand-34c3ab0\" aria-controls=\"expand-34c3ab0\">\n                        <span class=\"title\">5. \u00d6zel \u00f6l\u00e7\u00fc veya tasar\u0131m taleplerini kar\u015f\u0131l\u0131yor musunuz?Evet, tamamen ihtiyaca ve mek\u00e2na \u00f6zel demir-do\u011frama ve ferforje tasar\u0131mlar\u0131 \u00fcretiyoruz.<\/span><div class=\"right-icon-group\">\n                <div class=\"normal-icon\"><svg aria-hidden=\"true\" class=\"e-font-icon-svg e-fas-chevron-down\" viewBox=\"0 0 448 512\" xmlns=\"http:\/\/www.w3.org\/2000\/svg\"><path d=\"M207.029 381.476L12.686 187.132c-9.373-9.373-9.373-24.569 0-33.941l22.667-22.667c9.357-9.357 24.522-9.375 33.901-.04L224 284.505l154.745-154.021c9.379-9.335 24.544-9.317 33.901.04l22.667 22.667c9.373 9.373 9.373 24.569 0 33.941L240.971 381.476c-9.373 9.372-24.569 9.372-33.942 0z\"><\/path><\/svg><\/div>\n                <div class=\"active-icon\"><svg aria-hidden=\"true\" class=\"e-font-icon-svg e-fas-chevron-up\" viewBox=\"0 0 448 512\" xmlns=\"http:\/\/www.w3.org\/2000\/svg\"><path d=\"M240.971 130.524l194.343 194.343c9.373 9.373 9.373 24.569 0 33.941l-22.667 22.667c-9.357 9.357-24.522 9.375-33.901.04L224 227.495 69.255 381.516c-9.379 9.335-24.544 9.317-33.901-.04l-22.667-22.667c-9.373-9.373-9.373-24.569 0-33.941L207.03 130.525c9.372-9.373 24.568-9.373 33.941-.001z\"><\/path><\/svg><\/div>\n            <\/div>\n                    <\/a>\n                <\/div>\n                <div class=\"card-expand\" id=\"expand-34c3ab0\" style=\"display:block\"><div class=\"card-body\"><p>Evet, tamamen ihtiyaca ve mek\u00e2na \u00f6zel demir-do\u011frama ve ferforje tasar\u0131mlar\u0131 \u00fcretiyoruz.<\/p><\/div><\/div>\n            <\/div><\/div>\t\t\t\t<\/div>\n\t\t\t\t\t<\/div>\n\t\t<\/div>\n\t\t\t\t<div class=\"elementor-column elementor-col-50 elementor-inner-column elementor-element elementor-element-d85330a\" data-id=\"d85330a\" data-element_type=\"column\">\n\t\t\t<div class=\"elementor-widget-wrap elementor-element-populated\">\n\t\t\t\t\t\t<div class=\"elementor-element elementor-element-5197b71d elementor-widget elementor-widget-jkit_accordion\" data-id=\"5197b71d\" data-element_type=\"widget\" data-widget_type=\"jkit_accordion.default\">\n\t\t\t\t\t<div  class=\"jeg-elementor-kit jkit-accordion style-shadow jeg_module__1_69e5fe6c37327\" ><div class=\"card-wrapper \">\n                <div class=\"card-header\">\n                    <a href=\"#expand-c8565b5\" class=\"card-header-button\" aria-expanded=\"false\" data-target=\"#expand-c8565b5\" aria-controls=\"expand-c8565b5\">\n                        <span class=\"title\">2. \u00d6l\u00e7\u00fc alma ve ke\u015fif hizmetiniz \u00fccretli mi?<\/span><div class=\"right-icon-group\">\n                <div class=\"normal-icon\"><svg aria-hidden=\"true\" class=\"e-font-icon-svg e-fas-chevron-down\" viewBox=\"0 0 448 512\" xmlns=\"http:\/\/www.w3.org\/2000\/svg\"><path d=\"M207.029 381.476L12.686 187.132c-9.373-9.373-9.373-24.569 0-33.941l22.667-22.667c9.357-9.357 24.522-9.375 33.901-.04L224 284.505l154.745-154.021c9.379-9.335 24.544-9.317 33.901.04l22.667 22.667c9.373 9.373 9.373 24.569 0 33.941L240.971 381.476c-9.373 9.372-24.569 9.372-33.942 0z\"><\/path><\/svg><\/div>\n                <div class=\"active-icon\"><svg aria-hidden=\"true\" class=\"e-font-icon-svg e-fas-chevron-up\" viewBox=\"0 0 448 512\" xmlns=\"http:\/\/www.w3.org\/2000\/svg\"><path d=\"M240.971 130.524l194.343 194.343c9.373 9.373 9.373 24.569 0 33.941l-22.667 22.667c-9.357 9.357-24.522 9.375-33.901.04L224 227.495 69.255 381.516c-9.379 9.335-24.544 9.317-33.901-.04l-22.667-22.667c-9.373-9.373-9.373-24.569 0-33.941L207.03 130.525c9.372-9.373 24.568-9.373 33.941-.001z\"><\/path><\/svg><\/div>\n            <\/div>\n                    <\/a>\n                <\/div>\n                <div class=\"card-expand\" id=\"expand-c8565b5\" style=\"display:none\"><div class=\"card-body\"><p>Hay\u0131r, ke\u015fif ve \u00f6l\u00e7\u00fc alma hizmetimiz tamamen \u00fccretsizdir.<\/p><\/div><\/div>\n            <\/div><div class=\"card-wrapper \">\n                <div class=\"card-header\">\n                    <a href=\"#expand-8fab880\" class=\"card-header-button\" aria-expanded=\"false\" data-target=\"#expand-8fab880\" aria-controls=\"expand-8fab880\">\n                        <span class=\"title\">4. \u00dcr\u00fcnlerde garanti sa\u011fl\u0131yor musunuz?<\/span><div class=\"right-icon-group\">\n                <div class=\"normal-icon\"><svg aria-hidden=\"true\" class=\"e-font-icon-svg e-fas-chevron-down\" viewBox=\"0 0 448 512\" xmlns=\"http:\/\/www.w3.org\/2000\/svg\"><path d=\"M207.029 381.476L12.686 187.132c-9.373-9.373-9.373-24.569 0-33.941l22.667-22.667c9.357-9.357 24.522-9.375 33.901-.04L224 284.505l154.745-154.021c9.379-9.335 24.544-9.317 33.901.04l22.667 22.667c9.373 9.373 9.373 24.569 0 33.941L240.971 381.476c-9.373 9.372-24.569 9.372-33.942 0z\"><\/path><\/svg><\/div>\n                <div class=\"active-icon\"><svg aria-hidden=\"true\" class=\"e-font-icon-svg e-fas-chevron-up\" viewBox=\"0 0 448 512\" xmlns=\"http:\/\/www.w3.org\/2000\/svg\"><path d=\"M240.971 130.524l194.343 194.343c9.373 9.373 9.373 24.569 0 33.941l-22.667 22.667c-9.357 9.357-24.522 9.375-33.901.04L224 227.495 69.255 381.516c-9.379 9.335-24.544 9.317-33.901-.04l-22.667-22.667c-9.373-9.373-9.373-24.569 0-33.941L207.03 130.525c9.372-9.373 24.568-9.373 33.941-.001z\"><\/path><\/svg><\/div>\n            <\/div>\n                    <\/a>\n                <\/div>\n                <div class=\"card-expand\" id=\"expand-8fab880\" style=\"display:none\"><div class=\"card-body\"><p>Evet, t\u00fcm imalat ve montaj i\u015flerimizde kalite ve dayan\u0131kl\u0131l\u0131k garantisi veriyoruz.<\/p><\/div><\/div>\n            <\/div><div class=\"card-wrapper expand\">\n                <div class=\"card-header\">\n                    <a href=\"#expand-34c3ab0\" class=\"card-header-button\" aria-expanded=\"false\" data-target=\"#expand-34c3ab0\" aria-controls=\"expand-34c3ab0\">\n                        <span class=\"title\">6. \u00c7at\u0131 veya veranda kapatma i\u015flemleri i\u00e7in proje \u00e7izimi yap\u0131yor musunuz?<\/span><div class=\"right-icon-group\">\n                <div class=\"normal-icon\"><svg aria-hidden=\"true\" class=\"e-font-icon-svg e-fas-chevron-down\" viewBox=\"0 0 448 512\" xmlns=\"http:\/\/www.w3.org\/2000\/svg\"><path d=\"M207.029 381.476L12.686 187.132c-9.373-9.373-9.373-24.569 0-33.941l22.667-22.667c9.357-9.357 24.522-9.375 33.901-.04L224 284.505l154.745-154.021c9.379-9.335 24.544-9.317 33.901.04l22.667 22.667c9.373 9.373 9.373 24.569 0 33.941L240.971 381.476c-9.373 9.372-24.569 9.372-33.942 0z\"><\/path><\/svg><\/div>\n                <div class=\"active-icon\"><svg aria-hidden=\"true\" class=\"e-font-icon-svg e-fas-chevron-up\" viewBox=\"0 0 448 512\" xmlns=\"http:\/\/www.w3.org\/2000\/svg\"><path d=\"M240.971 130.524l194.343 194.343c9.373 9.373 9.373 24.569 0 33.941l-22.667 22.667c-9.357 9.357-24.522 9.375-33.901.04L224 227.495 69.255 381.516c-9.379 9.335-24.544 9.317-33.901-.04l-22.667-22.667c-9.373-9.373-9.373-24.569 0-33.941L207.03 130.525c9.372-9.373 24.568-9.373 33.941-.001z\"><\/path><\/svg><\/div>\n            <\/div>\n                    <\/a>\n                <\/div>\n                <div class=\"card-expand\" id=\"expand-34c3ab0\" style=\"display:block\"><div class=\"card-body\"><p>Evet, ke\u015fif sonras\u0131 \u00f6l\u00e7\u00fclere g\u00f6re \u00f6zel proje \u00e7izimi ve tasar\u0131m deste\u011fi sa\u011fl\u0131yoruz.<\/p><\/div><\/div>\n            <\/div><\/div>\t\t\t\t<\/div>\n\t\t\t\t\t<\/div>\n\t\t<\/div>\n\t\t\t\t\t<\/div>\n\t\t<\/section>\n\t\t\t\t\t<\/div>\n\t\t<\/div>\n\t\t\t\t\t<\/div>\n\t\t<\/section>\n\t\t\t\t<\/div>\n\t\t","protected":false},"excerpt":{"rendered":"<p>Yenikent Metal SIK\u00c7A SORULULAN SORULAR SSS E\u011fer burada yan\u0131t\u0131n\u0131 bulamad\u0131\u011f\u0131n\u0131z farkl\u0131 bir sorunuz varsa, ekibimiz size yard\u0131mc\u0131 olmaktan memnuniyet duyar.Projenizle ilgili fiyat teklifi almak, \u00f6l\u00e7\u00fc hizmeti talep etmek veya \u00f6zel tasar\u0131m dan\u0131\u015fmanl\u0131\u011f\u0131 i\u00e7in bizimle ileti\u015fime ge\u00e7ebilirsiniz. \ud83d\udcde Hemen aray\u0131n veya ileti\u015fim formunu doldurun \u2013 uzman ekibimiz en k\u0131sa s\u00fcrede sizinle ileti\u015fime ge\u00e7sin. 1. Hangi b\u00f6lgelerde [&hellip;]<\/p>\n","protected":false},"author":1,"featured_media":0,"parent":0,"menu_order":0,"comment_status":"closed","ping_status":"closed","template":"elementor_header_footer","meta":{"_joinchat":[],"footnotes":""},"class_list":["post-238","page","type-page","status-publish","hentry"],"yoast_head":"<!-- This site is optimized with the Yoast SEO plugin v26.0 - https:\/\/yoast.com\/wordpress\/plugins\/seo\/ -->\n<title>S.S.S. - Yenikent Metal<\/title>\n<meta name=\"robots\" content=\"index, follow, max-snippet:-1, max-image-preview:large, max-video-preview:-1\" \/>\n<link rel=\"canonical\" href=\"https:\/\/yenikentmetal.com\/index.php\/yenikent-metal\/\" \/>\n<meta property=\"og:locale\" content=\"tr_TR\" \/>\n<meta property=\"og:type\" content=\"article\" \/>\n<meta property=\"og:title\" content=\"S.S.S. - Yenikent Metal\" \/>\n<meta property=\"og:description\" content=\"Yenikent Metal SIK\u00c7A SORULULAN SORULAR SSS E\u011fer burada yan\u0131t\u0131n\u0131 bulamad\u0131\u011f\u0131n\u0131z farkl\u0131 bir sorunuz varsa, ekibimiz size yard\u0131mc\u0131 olmaktan memnuniyet duyar.Projenizle ilgili fiyat teklifi almak, \u00f6l\u00e7\u00fc hizmeti talep etmek veya \u00f6zel tasar\u0131m dan\u0131\u015fmanl\u0131\u011f\u0131 i\u00e7in bizimle ileti\u015fime ge\u00e7ebilirsiniz. \ud83d\udcde Hemen aray\u0131n veya ileti\u015fim formunu doldurun \u2013 uzman ekibimiz en k\u0131sa s\u00fcrede sizinle ileti\u015fime ge\u00e7sin. 1. Hangi b\u00f6lgelerde [&hellip;]\" \/>\n<meta property=\"og:url\" content=\"https:\/\/yenikentmetal.com\/index.php\/yenikent-metal\/\" \/>\n<meta property=\"og:site_name\" content=\"Yenikent Metal\" \/>\n<meta property=\"article:modified_time\" content=\"2025-10-04T10:46:57+00:00\" \/>\n<meta name=\"twitter:card\" content=\"summary_large_image\" \/>\n<meta name=\"twitter:label1\" content=\"Tahmini okuma s\u00fcresi\" \/>\n\t<meta name=\"twitter:data1\" content=\"2 dakika\" \/>\n<script type=\"application\/ld+json\" class=\"yoast-schema-graph\">{\"@context\":\"https:\/\/schema.org\",\"@graph\":[{\"@type\":\"WebPage\",\"@id\":\"https:\/\/yenikentmetal.com\/index.php\/yenikent-metal\/\",\"url\":\"https:\/\/yenikentmetal.com\/index.php\/yenikent-metal\/\",\"name\":\"S.S.S. - Yenikent Metal\",\"isPartOf\":{\"@id\":\"https:\/\/yenikentmetal.com\/#website\"},\"datePublished\":\"2025-10-04T10:42:39+00:00\",\"dateModified\":\"2025-10-04T10:46:57+00:00\",\"breadcrumb\":{\"@id\":\"https:\/\/yenikentmetal.com\/index.php\/yenikent-metal\/#breadcrumb\"},\"inLanguage\":\"tr\",\"potentialAction\":[{\"@type\":\"ReadAction\",\"target\":[\"https:\/\/yenikentmetal.com\/index.php\/yenikent-metal\/\"]}]},{\"@type\":\"BreadcrumbList\",\"@id\":\"https:\/\/yenikentmetal.com\/index.php\/yenikent-metal\/#breadcrumb\",\"itemListElement\":[{\"@type\":\"ListItem\",\"position\":1,\"name\":\"Anasayfa\",\"item\":\"https:\/\/yenikentmetal.com\/\"},{\"@type\":\"ListItem\",\"position\":2,\"name\":\"S.S.S.\"}]},{\"@type\":\"WebSite\",\"@id\":\"https:\/\/yenikentmetal.com\/#website\",\"url\":\"https:\/\/yenikentmetal.com\/\",\"name\":\"Yenikent Metal\",\"description\":\"Ankara\u2019da metal sekt\u00f6r\u00fcnde kaliteli, h\u0131zl\u0131 ve uygun fiyatl\u0131 \u00e7\u00f6z\u00fcmler.\",\"publisher\":{\"@id\":\"https:\/\/yenikentmetal.com\/#organization\"},\"potentialAction\":[{\"@type\":\"SearchAction\",\"target\":{\"@type\":\"EntryPoint\",\"urlTemplate\":\"https:\/\/yenikentmetal.com\/?s={search_term_string}\"},\"query-input\":{\"@type\":\"PropertyValueSpecification\",\"valueRequired\":true,\"valueName\":\"search_term_string\"}}],\"inLanguage\":\"tr\"},{\"@type\":\"Organization\",\"@id\":\"https:\/\/yenikentmetal.com\/#organization\",\"name\":\"Yenikent Metal\",\"url\":\"https:\/\/yenikentmetal.com\/\",\"logo\":{\"@type\":\"ImageObject\",\"inLanguage\":\"tr\",\"@id\":\"https:\/\/yenikentmetal.com\/#\/schema\/logo\/image\/\",\"url\":\"https:\/\/yenikentmetal.com\/wp-content\/uploads\/2025\/09\/cropped-cropped-Adsiz-tasarim-e1759005498986.png\",\"contentUrl\":\"https:\/\/yenikentmetal.com\/wp-content\/uploads\/2025\/09\/cropped-cropped-Adsiz-tasarim-e1759005498986.png\",\"width\":512,\"height\":512,\"caption\":\"Yenikent Metal\"},\"image\":{\"@id\":\"https:\/\/yenikentmetal.com\/#\/schema\/logo\/image\/\"}}]}<\/script>\n<!-- \/ Yoast SEO plugin. -->","yoast_head_json":{"title":"S.S.S. - Yenikent Metal","robots":{"index":"index","follow":"follow","max-snippet":"max-snippet:-1","max-image-preview":"max-image-preview:large","max-video-preview":"max-video-preview:-1"},"canonical":"https:\/\/yenikentmetal.com\/index.php\/yenikent-metal\/","og_locale":"tr_TR","og_type":"article","og_title":"S.S.S. - Yenikent Metal","og_description":"Yenikent Metal SIK\u00c7A SORULULAN SORULAR SSS E\u011fer burada yan\u0131t\u0131n\u0131 bulamad\u0131\u011f\u0131n\u0131z farkl\u0131 bir sorunuz varsa, ekibimiz size yard\u0131mc\u0131 olmaktan memnuniyet duyar.Projenizle ilgili fiyat teklifi almak, \u00f6l\u00e7\u00fc hizmeti talep etmek veya \u00f6zel tasar\u0131m dan\u0131\u015fmanl\u0131\u011f\u0131 i\u00e7in bizimle ileti\u015fime ge\u00e7ebilirsiniz. \ud83d\udcde Hemen aray\u0131n veya ileti\u015fim formunu doldurun \u2013 uzman ekibimiz en k\u0131sa s\u00fcrede sizinle ileti\u015fime ge\u00e7sin. 1. Hangi b\u00f6lgelerde [&hellip;]","og_url":"https:\/\/yenikentmetal.com\/index.php\/yenikent-metal\/","og_site_name":"Yenikent Metal","article_modified_time":"2025-10-04T10:46:57+00:00","twitter_card":"summary_large_image","twitter_misc":{"Tahmini okuma s\u00fcresi":"2 dakika"},"schema":{"@context":"https:\/\/schema.org","@graph":[{"@type":"WebPage","@id":"https:\/\/yenikentmetal.com\/index.php\/yenikent-metal\/","url":"https:\/\/yenikentmetal.com\/index.php\/yenikent-metal\/","name":"S.S.S. - Yenikent Metal","isPartOf":{"@id":"https:\/\/yenikentmetal.com\/#website"},"datePublished":"2025-10-04T10:42:39+00:00","dateModified":"2025-10-04T10:46:57+00:00","breadcrumb":{"@id":"https:\/\/yenikentmetal.com\/index.php\/yenikent-metal\/#breadcrumb"},"inLanguage":"tr","potentialAction":[{"@type":"ReadAction","target":["https:\/\/yenikentmetal.com\/index.php\/yenikent-metal\/"]}]},{"@type":"BreadcrumbList","@id":"https:\/\/yenikentmetal.com\/index.php\/yenikent-metal\/#breadcrumb","itemListElement":[{"@type":"ListItem","position":1,"name":"Anasayfa","item":"https:\/\/yenikentmetal.com\/"},{"@type":"ListItem","position":2,"name":"S.S.S."}]},{"@type":"WebSite","@id":"https:\/\/yenikentmetal.com\/#website","url":"https:\/\/yenikentmetal.com\/","name":"Yenikent Metal","description":"Ankara\u2019da metal sekt\u00f6r\u00fcnde kaliteli, h\u0131zl\u0131 ve uygun fiyatl\u0131 \u00e7\u00f6z\u00fcmler.","publisher":{"@id":"https:\/\/yenikentmetal.com\/#organization"},"potentialAction":[{"@type":"SearchAction","target":{"@type":"EntryPoint","urlTemplate":"https:\/\/yenikentmetal.com\/?s={search_term_string}"},"query-input":{"@type":"PropertyValueSpecification","valueRequired":true,"valueName":"search_term_string"}}],"inLanguage":"tr"},{"@type":"Organization","@id":"https:\/\/yenikentmetal.com\/#organization","name":"Yenikent Metal","url":"https:\/\/yenikentmetal.com\/","logo":{"@type":"ImageObject","inLanguage":"tr","@id":"https:\/\/yenikentmetal.com\/#\/schema\/logo\/image\/","url":"https:\/\/yenikentmetal.com\/wp-content\/uploads\/2025\/09\/cropped-cropped-Adsiz-tasarim-e1759005498986.png","contentUrl":"https:\/\/yenikentmetal.com\/wp-content\/uploads\/2025\/09\/cropped-cropped-Adsiz-tasarim-e1759005498986.png","width":512,"height":512,"caption":"Yenikent Metal"},"image":{"@id":"https:\/\/yenikentmetal.com\/#\/schema\/logo\/image\/"}}]}},"_links":{"self":[{"href":"https:\/\/yenikentmetal.com\/index.php\/wp-json\/wp\/v2\/pages\/238","targetHints":{"allow":["GET"]}}],"collection":[{"href":"https:\/\/yenikentmetal.com\/index.php\/wp-json\/wp\/v2\/pages"}],"about":[{"href":"https:\/\/yenikentmetal.com\/index.php\/wp-json\/wp\/v2\/types\/page"}],"author":[{"embeddable":true,"href":"https:\/\/yenikentmetal.com\/index.php\/wp-json\/wp\/v2\/users\/1"}],"replies":[{"embeddable":true,"href":"https:\/\/yenikentmetal.com\/index.php\/wp-json\/wp\/v2\/comments?post=238"}],"version-history":[{"count":5,"href":"https:\/\/yenikentmetal.com\/index.php\/wp-json\/wp\/v2\/pages\/238\/revisions"}],"predecessor-version":[{"id":244,"href":"https:\/\/yenikentmetal.com\/index.php\/wp-json\/wp\/v2\/pages\/238\/revisions\/244"}],"wp:attachment":[{"href":"https:\/\/yenikentmetal.com\/index.php\/wp-json\/wp\/v2\/media?parent=238"}],"curies":[{"name":"wp","href":"https:\/\/api.w.org\/{rel}","templated":true}]}}